 - 31. Suppose -11*n - 42 = -5*n. Let i be q(n). Calculate the highest common factor of i and 23.
23
Let x be (-132 + 145)*(1 + 622). Calculate the greatest common divisor of x and 91.
91
Suppose -3084 = -225*w + 23241. Let d(t) = t**3 - 7*t**2 + 7*t - 6. Let j be d(5). Let v = j + 34. What is the greatest common divisor of w and v?
13
Suppose 11*r + 3271 = 95*r - 5465. Suppose v + 2*y + 84 = 556, -4*v + 3*y + 1866 = 0. Calculate the greatest common divisor of v and r.
52
Let r = 27046 + -11160. Calculate the highest common divisor of 94 and r.
94
Let w = 378 + -366. Calculate the greatest common factor of w and 996.
12
Let u(f) = -f**3 + 47*f**2 - 14*f - 314. Let m be u(42). What is the highest common factor of m and 214?
214
Let q be 9 + 15580/8 - (-3)/(-2). What is the greatest common divisor of 425 and q?
85
Let j = -81236 + 81245. Let u = -20 + 37. Let i = u + 10. Calculate the highest common factor of j and i.
9
Let y be (5952/(-120))/(9/15)*-12. Calculate the highest common divisor of 837 and y.
31
Suppose -r - v = 1, 0*v - 5*v = -r - 25. Let h(b) = b**2 - b - 16. Let i be h(r). What is the greatest common factor of i and 98?
14
Suppose -2*a = -265 + 1425. Let x = a - -941. Calculate the highest common divisor of 19 and x.
19
Suppose -60*c = -95*c + 36575. Calculate the highest common divisor of c and 165.
55
Let d(f) = 39*f + 1525. Let q be d(24). Calculate the greatest common divisor of 1391 and q.
107
Let j be 1464/36 - (-2)/(-3). Let n = -148 + 232. Let k be ((-240)/(-7))/(8/n). Calculate the highest common factor of k and j.
40
Let l be 0 - 9 - -942 - (2 + -3 - -3). Let j(r) = 4*r + 7. Let i be j(3). Calculate the greatest common divisor of i and l.
19
Let y(w) = 127*w**3 + 3*w**2 + 3*w - 10. Let f be y(2). Calculate the greatest common factor of 2 and f.
2
Let m(x) = -x**3 - 24*x**2 - 146*x + 60. Let o be m(-11). Calculate the highest common factor of 6510 and o.
93
Suppose 3*u = 5*s + 450, 3*s - 405 = -5*u + 277. What is the highest common factor of u and 60?
20
Let v be 8/(-3)*4/8*-27. Suppose v = -8*w + 14*w. Calculate the highest common divisor of 6 and w.
6
Let j(l) = -l**3 + 2*l. Let s be j(-2). Suppose -2669 = -65*w + 4611. Calculate the highest common factor of s and w.
4
Let j be (-78)/585*13771/(-2) - (-3)/(-45). Calculate the greatest common factor of j and 374.
34
Let l(o) = 5*o**2 + 13*o - 101. Let z be l(-6). Let v(f) = f**2 + 8*f + 7. Let w be v(-8). Calculate the highest common factor of z and w.
1
Suppose 3*z + 23 = 2*y, -12*z + 14*z + 5*y - 10 = 0. Let s be (z + 30 - -2) + 3. Calculate the greatest common factor of s and 1.
1
Suppose -377*g - 266916 = -435*g. Calculate the greatest common divisor of 156 and g.
78
Let g be 45/6*(-24)/20. Let t be (g/6)/(2/(-4)). Suppose -d = t*d - 308. Calculate the greatest common factor of d and 11.
11
Let w = -70 - -72. Suppose -u - 100 = -2*s, 164 - 21 = 3*s + w*u. Calculate the highest common factor of 14 and s.
7
Let o = 268 - 265. Suppose -9 + 60 = o*r. What is the greatest common factor of 272 and r?
17
Let t = 88 + -51. Let g = t + -22. Suppose 10*k - 16*k + 360 = 0. What is the highest common factor of k and g?
15
Let o = 59 + 101. Let p = 235 - o. Let l = 80 - p. Calculate the highest common divisor of 35 and l.
5
Suppose -s - f = -192, -5*s + 5*f + 1108 - 118 = 0. What is the greatest common divisor of 405 and s?
15
Suppose -11*v + 2080 = 2*h, 19*h = 15*h - 5*v + 4092. Calculate the greatest common divisor of h and 10.
2
Let q be 1 - (-3)/((-9)/(-1884)). Let i = q + -343. Suppose 0 = -5*n + i + 44. What is the highest common divisor of 6 and n?
6
Let s be ((-24)/(-15))/((-10)/(-50)). Let c be s/(-18) - (-49600)/144. What is the highest common factor of c and 8?
8
Let u be ((-12)/16)/(12/(-80))*(-632)/(-2). Calculate the greatest common factor of u and 40.
20
Suppose 2*m + 4*o = 0, 0 = -3*m + 6*m - o + 14. Let a be (14/(-21))/(m/936). Let h = a - 129. What is the highest common divisor of h and 36?
9
Suppose 19*r - 59361 + 4579 = 81258. What is the highest common factor of r and 1969?
179
Let o(n) = 210*n**3 - 5*n**2 - 19*n + 65. Let s be o(3). What is the highest common divisor of 393 and s?
131
Suppose 0 = -2809*x + 2814*x + 3990. Let b = -790 - x. What is the highest common divisor of 44 and b?
4
Suppose -401*l + 178*l = -158999. What is the greatest common factor of l and 115?
23
Suppose 3*g - 164 - 1650 = 901. What is the highest common divisor of g and 5?
5
Suppose 666*g - 3445329 = 965589. Calculate the highest common factor of g and 74.
37
Let j = 331 - -14. Let u = j + -209. What is the greatest common factor of 8 and u?
8
Let c(o) = 45*o + 584. Let a be c(-12). Let z = 13 + 20. Calculate the greatest common factor of z and a.
11
Suppose -j + 5*p = -37, -66*p = -2*j - 70*p + 32. Let h be ((-6)/(-3) - 0)*4. What is the highest common divisor of h and j?
2
Let b = 1219 - -1246. What is the highest common factor of 58 and b?
29
Suppose 2 - 6 = g + 4*i, 5*i = 2*g - 57. Suppose -7*z + 2486 - 246 = 0. Calculate the greatest common divisor of g and z.
16
Suppose 10086 = 4*y + 2094. What is the greatest common factor of 148 and y?
74
Let l(g) = -g**2 - 15*g. Let d be l(-7). Suppose -63*q = -d*q - 77. Suppose -5*a = -3*a - 176. What is the greatest common divisor of q and a?
11
Suppose 0 = -10*l + l + 27. Suppose 0 = 2*a + 2*a + 16, 168 = 4*j - l*a. Calculate the highest common divisor of 26 and j.
13
Let u(w) = 7*w + 11*w - 27 - 17*w + 43. Suppose 6 = -2*k - 10. Let i be u(k). Calculate the highest common factor of 20 and i.
4
Let u(y) = 613*y**2 + 92*y - 8. Let s be u(-6). Calculate the greatest common factor of s and 114.
38
Suppose 942 = 86*s - 11872. What is the greatest common divisor of 1192 and s?
149
Let b(q) = 166*q**2 + 1330*q + 20. Let z be b(-8). Calculate the highest common divisor of z and 13388.
4
Suppose 11130 = 3*o + 11*o. Let c = -790 + o. Calculate the greatest common divisor of 35 and c.
5
Suppose -163 = -3*n + 4*i, 13*n - 17*n + 3*i + 222 = 0. What is the highest common factor of n and 3287?
19
Let p = 28 + 8. Let z be (36/(-16))/((-30)/400). What is the highest common divisor of z and p?
6
Let d = 337 - 128. Let c(r) = 7*r - 9. Let f be c(4). What is the highest common factor of f and d?
19
Let k = 98 + -62. Suppose 0 = -0*b - 3*b + k. Suppose 173 - 1421 = -52*w. What is the highest common divisor of b and w?
12
Let t(n) = -275*n + 1403. Let q be t(5). Suppose d - 3*d + 4 = 0. Let g = 6 - d. Calculate the greatest common factor of q and g.
4
Let t(m) = -3*m**2 + 128*m - 454. Let g be t(4). Calculate the greatest common divisor of 118 and g.
2
Let u(l) = 2*l**3 + 3*l**2 + 13*l + 25. Let c be u(-2). Let v be -4 + (202/2 - (c + 3)). Calculate the greatest common factor of v and 9.
9
Let x be 31/((-372)/(-48))*(-225)/(-6). What is the greatest common factor of 930 and x?
30
Let s = 3992 + -3040. What is the greatest common divisor of s and 98?
14
Let p(j) = 4*j + 22. Let h = 82 - 88. Let d be p(h). Let v be (-40)/32 + d/(-8) + 7. What is the greatest common factor of v and 36?
6
Let m be 6/4*8/(-6). Suppose 0 = x + x - 3*l + 5, -4*x = 4*l - 20. Let w be (-4 + 9 - x)/(m/(-28)). Calculate the highest common divisor of 7 and w.
7
Let w(k) = -4*k**3 - 9*k**2 + 64*k - 191. Let v be w(-14). What is the highest common factor of v and 13?
13
Suppose -z + 1728 = -3*z - f, 4*f = -z - 864. Let o be ((-2)/(-3))/((-4)/z). What is the greatest common divisor of o and 36?
36
Let p = -35164 + 35188. What is the greatest common factor of p and 40452?
12
Let m = 30 - 15. Let l be 6756/(-45) + 4/30. Let t be (2/(-4))/(5/l). What is the highest common factor of m and t?
15
Let i = 785 + -547. Suppose -4*c + 82 + i = 0. Suppose -2*j - 32 = -3*j. Calculate the greatest common divisor of c and j.
16
Suppose 4*o - 4*d = -1572, -6*o + 2*d = -3*o + 1174. Let k = 392 + o. What is the greatest common factor of k and 32?
4
Suppose -4*i = 45*o - 37*o - 8316, 5*o - 5*i - 5205 = 0. What is the greatest common divisor of o and 3510?
130
Suppose -5*d + 3*d + 0*d = 0. Suppose -3*v + 3 + 6 = d. Suppose 5*k = 4*k - v*p + 63, 15 = 5*p. What is the highest common factor of 6 and k?
6
Suppose 831 = 5*s - 314. Let u = s - 154. Let a = 235 - u. Calculate the highest common factor of a an